{"id":178,"date":"2025-08-18T21:24:44","date_gmt":"2025-08-18T19:24:44","guid":{"rendered":"https:\/\/eventplusservices.com\/mote\/?page_id=178"},"modified":"2025-09-19T15:28:23","modified_gmt":"2025-09-19T13:28:23","slug":"absztraktok","status":"publish","type":"page","link":"https:\/\/eventplusservices.com\/mote\/absztraktok\/","title":{"rendered":"Absztraktok"},"content":{"rendered":"\t\t<div data-elementor-type=\"wp-page\" data-elementor-id=\"178\" class=\"elementor elementor-178\" data-elementor-post-type=\"page\">\n\t\t\t\t<div class=\"elementor-element elementor-element-1706274 elementor-hidden-desktop elementor-hidden-tablet elementor-hidden-mobile e-flex e-con-boxed e-con e-parent\" data-id=\"1706274\" data-element_type=\"container\">\n\t\t\t\t\t<div class=\"e-con-inner\">\n\t\t\t\t<div class=\"elementor-element elementor-element-f76899f elementor-widget elementor-widget-text-editor\" data-id=\"f76899f\" data-element_type=\"widget\" data-widget_type=\"text-editor.default\">\n\t\t\t\t<div class=\"elementor-widget-container\">\n\t\t\t\t\t\t\t\t\t<p>Az absztrakt bek\u00fcld\u00e9s\u00e9vel tudom\u00e1nyos poszter bemutat\u00e1s\u00e1ra lehet jelentkezni. A poszterek bemutat\u00e1sa &#8211; 5 perces sz\u00f3beli prezent\u00e1ci\u00f3 &#8211; k\u00fcl\u00f6n szekci\u00f3 keretein bel\u00fcl t\u00f6rt\u00e9nik.<\/p><p>Az absztraktokat online kiadv\u00e1nyban jelentetj\u00fck meg, mely a k\u00e9s\u0151bbiekben let\u00f6lthet\u0151 lesz a honlapunkr\u00f3l.<\/p><p>A 2025-\u00f6s kongresszus mott\u00f3ja <em><strong>\u201eMinden apr\u00f3 l\u00e9p\u00e9s sz\u00e1m\u00edt\u201d<\/strong><\/em>, f\u0151 t\u00e9m\u00e1i a teljes \u00e9rt\u00e9k\u0171 n\u00f6v\u00e9nyi \u00e9trend, mikrobiom, t\u00e1mogat\u00f3 t\u00e1rsas kapcsolatok lesznek.<\/p><p>Az absztraktokat a <a href=\"mailto:kongresszus@eletmodorvostan.hu\">kongresszus@eletmodorvostan.hu<\/a> c\u00edmre k\u00e9rj\u00fck elk\u00fcldeni, a honlapon el\u00e9rhet\u0151 let\u00f6lthet\u0151 sablon kit\u00f6lt\u00e9s\u00e9vel <strong>2025. szeptember 15-ig<\/strong>.<\/p><p>A be\u00e9rkezett absztraktokat a MOTE tudom\u00e1nyos bizotts\u00e1ga v\u00e9lem\u00e9nyezi, melynek eredm\u00e9ny\u00e9r\u0151l e-mailben t\u00e1j\u00e9koztatjuk legk\u00e9s\u0151bb <strong>2025. szeptember 30-ig<\/strong>.<\/p><h3>Az absztrakt formai \u00e9s tartalmi k\u00f6vetelm\u00e9nyei<\/h3><p><strong>Forma<br \/><\/strong>Microsoft Word, Times New Roman 12-es bet\u0171t\u00edpus, sorkiz\u00e1rt, szimpla sork\u00f6z. A sz\u00f6vegben ne legyen felesleges form\u00e1z\u00e1s. A bekezd\u00e9sek beh\u00faz\u00e1s \u00e9s sorkihagy\u00e1s n\u00e9lk\u00fcl k\u00f6vess\u00e9k egym\u00e1st.<\/p><p><strong>Terjedelem<br \/><\/strong>Az absztrakt m\u00e9rete maximum 1800 karakter (az absztrakt c\u00edme, a szerz\u0151(k) adatai n\u00e9lk\u00fcl), t\u00e1bl\u00e1zatot, \u00e1br\u00e1t nem tartalmazhat.<\/p><p><strong>Fel\u00e9p\u00edt\u00e9s<\/strong><\/p><ul><li>Absztrakt c\u00edme<\/li><li>Szerz\u0151(k) neve (csal\u00e1di n\u00e9v \u00e9s keresztn\u00e9v) titulusokkal<\/li><li>Szerz\u0151(k) munkahelye (teljes n\u00e9v, nem r\u00f6vid\u00edt\u00e9sekkel, ha t\u00f6bb van, akkor arab sz\u00e1mokkal indexelve)<\/li><li>E-mail c\u00edm<\/li><li>Absztrakt sz\u00f6vege az al\u00e1bbi tagol\u00e1ssal (az adott bekezd\u00e9s elej\u00e9n felt\u00fcntetve):<ul><li>El\u0151zm\u00e9nyek (c\u00e9lkit\u0171z\u00e9s)<\/li><li>M\u00f3dszerek<\/li><li>Eredm\u00e9nyek<\/li><li>K\u00f6vetkeztet\u00e9sek<\/li><li>Kulcsszavak (max. 5 kulcssz\u00f3)<\/li><\/ul><\/li><\/ul><p><strong> <br \/>Nyilatkozat<\/strong><br \/>Az absztrakt bek\u00fcld\u0151je v\u00e1llalja, hogy absztraktja elfogad\u00e1sa eset\u00e9n a kongresszusra regisztr\u00e1l \u00e9s poszter\u00e9t bemutatja, illetve ha a bizotts\u00e1g el\u0151ad\u00e1sra k\u00e9ri fel, elfogadja.<\/p>\t\t\t\t\t\t\t\t<\/div>\n\t\t\t\t<\/div>\n\t\t\t\t<div class=\"elementor-element elementor-element-a8204ef elementor-widget elementor-widget-button\" data-id=\"a8204ef\" data-element_type=\"widget\" data-widget_type=\"button.default\">\n\t\t\t\t<div class=\"elementor-widget-container\">\n\t\t\t\t\t\t\t\t\t<div class=\"elementor-button-wrapper\">\n\t\t\t\t\t<a class=\"elementor-button elementor-button-link elementor-size-sm\" href=\"https:\/\/eventplusservices.com\/wp-tartalom\/uploads\/sites\/3\/2025\/08\/MOTE2025-Absztrakt-sablon.docx\">\n\t\t\t\t\t\t<span class=\"elementor-button-content-wrapper\">\n\t\t\t\t\t\t\t\t\t<span class=\"elementor-button-text\">Absztrakt sablon let\u00f6lt\u00e9se<\/span>\n\t\t\t\t\t<\/span>\n\t\t\t\t\t<\/a>\n\t\t\t\t<\/div>\n\t\t\t\t\t\t\t\t<\/div>\n\t\t\t\t<\/div>\n\t\t\t\t\t<\/div>\n\t\t\t\t<\/div>\n\t\t<div class=\"elementor-element elementor-element-94e8443 e-flex e-con-boxed e-con e-parent\" data-id=\"94e8443\" data-element_type=\"container\">\n\t\t\t\t\t<div class=\"e-con-inner\">\n\t\t\t\t<div class=\"elementor-element elementor-element-f50f88f elementor-widget elementor-widget-text-editor\" data-id=\"f50f88f\" data-element_type=\"widget\" data-widget_type=\"text-editor.default\">\n\t\t\t\t<div class=\"elementor-widget-container\">\n\t\t\t\t\t\t\t\t\t<p>Az absztrakt bek\u00fcld\u00e9s befejez\u0151d\u00f6tt, k\u00f6sz\u00f6nj\u00fck a megk\u00fcld\u00f6tt munk\u00e1kat!<\/p>\t\t\t\t\t\t\t\t<\/div>\n\t\t\t\t<\/div>\n\t\t\t\t\t<\/div>\n\t\t\t\t<\/div>\n\t\t\t\t<\/div>\n\t\t","protected":false},"excerpt":{"rendered":"<p>Az absztrakt bek\u00fcld\u00e9s\u00e9vel tudom\u00e1nyos poszter bemutat\u00e1s\u00e1ra lehet jelentkezni. A poszterek bemutat\u00e1sa &#8211; 5 perces sz\u00f3beli prezent\u00e1ci\u00f3 &#8211; k\u00fcl\u00f6n szekci\u00f3 keretein bel\u00fcl t\u00f6rt\u00e9nik. Az absztraktokat online kiadv\u00e1nyban jelentetj\u00fck meg, mely a k\u00e9s\u0151bbiekben let\u00f6lthet\u0151 lesz a honlapunkr\u00f3l. A 2025-\u00f6s kongresszus mott\u00f3ja \u201eMinden apr\u00f3 l\u00e9p\u00e9s sz\u00e1m\u00edt\u201d, f\u0151 t\u00e9m\u00e1i a teljes \u00e9rt\u00e9k\u0171 n\u00f6v\u00e9nyi \u00e9trend, mikrobiom, t\u00e1mogat\u00f3 t\u00e1rsas kapcsolatok lesznek. [&hellip;]<\/p>\n","protected":false},"author":4,"featured_media":0,"parent":0,"menu_order":0,"comment_status":"closed","ping_status":"closed","template":"","meta":{"footnotes":""},"class_list":["post-178","page","type-page","status-publish","hentry"],"_links":{"self":[{"href":"https:\/\/eventplusservices.com\/mote\/wp-json\/wp\/v2\/pages\/178","targetHints":{"allow":["GET"]}}],"collection":[{"href":"https:\/\/eventplusservices.com\/mote\/wp-json\/wp\/v2\/pages"}],"about":[{"href":"https:\/\/eventplusservices.com\/mote\/wp-json\/wp\/v2\/types\/page"}],"author":[{"embeddable":true,"href":"https:\/\/eventplusservices.com\/mote\/wp-json\/wp\/v2\/users\/4"}],"replies":[{"embeddable":true,"href":"https:\/\/eventplusservices.com\/mote\/wp-json\/wp\/v2\/comments?post=178"}],"version-history":[{"count":34,"href":"https:\/\/eventplusservices.com\/mote\/wp-json\/wp\/v2\/pages\/178\/revisions"}],"predecessor-version":[{"id":880,"href":"https:\/\/eventplusservices.com\/mote\/wp-json\/wp\/v2\/pages\/178\/revisions\/880"}],"wp:attachment":[{"href":"https:\/\/eventplusservices.com\/mote\/wp-json\/wp\/v2\/media?parent=178"}],"curies":[{"name":"wp","href":"https:\/\/api.w.org\/{rel}","templated":true}]}}

<div data-elementor-type="wp-page" data-elementor-id="178" class="elementor elementor-178" data-elementor-post-type="page">
				<div class="elementor-element elementor-element-1706274 elementor-hidden-desktop elementor-hidden-tablet elementor-hidden-mobile e-flex e-con-boxed e-con e-parent" data-id="1706274" data-element_type="container">
					<div class="e-con-inner">
				<div class="elementor-element elementor-element-f76899f elementor-widget elementor-widget-text-editor" data-id="f76899f" data-element_type="widget" data-widget_type="text-editor.default">
				<div class="elementor-widget-container">
									<p>Az absztrakt beküldésével tudományos poszter bemutatására lehet jelentkezni. A poszterek bemutatása &#8211; 5 perces szóbeli prezentáció &#8211; külön szekció keretein belül történik.</p><p>Az absztraktokat online kiadványban jelentetjük meg, mely a későbbiekben letölthető lesz a honlapunkról.</p><p>A 2025-ös kongresszus mottója <em><strong>„Minden apró lépés számít”</strong></em>, fő témái a teljes értékű növényi étrend, mikrobiom, támogató társas kapcsolatok lesznek.</p><p>Az absztraktokat a <a href="mailto:kongresszus@eletmodorvostan.hu">kongresszus@eletmodorvostan.hu</a> címre kérjük elküldeni, a honlapon elérhető letölthető sablon kitöltésével <strong>2025. szeptember 15-ig</strong>.</p><p>A beérkezett absztraktokat a MOTE tudományos bizottsága véleményezi, melynek eredményéről e-mailben tájékoztatjuk legkésőbb <strong>2025. szeptember 30-ig</strong>.</p><h3>Az absztrakt formai és tartalmi követelményei</h3><p><strong>Forma<br /></strong>Microsoft Word, Times New Roman 12-es betűtípus, sorkizárt, szimpla sorköz. A szövegben ne legyen felesleges formázás. A bekezdések behúzás és sorkihagyás nélkül kövessék egymást.</p><p><strong>Terjedelem<br /></strong>Az absztrakt mérete maximum 1800 karakter (az absztrakt címe, a szerző(k) adatai nélkül), táblázatot, ábrát nem tartalmazhat.</p><p><strong>Felépítés</strong></p><ul><li>Absztrakt címe</li><li>Szerző(k) neve (családi név és keresztnév) titulusokkal</li><li>Szerző(k) munkahelye (teljes név, nem rövidítésekkel, ha több van, akkor arab számokkal indexelve)</li><li>E-mail cím</li><li>Absztrakt szövege az alábbi tagolással (az adott bekezdés elején feltüntetve):<ul><li>Előzmények (célkitűzés)</li><li>Módszerek</li><li>Eredmények</li><li>Következtetések</li><li>Kulcsszavak (max. 5 kulcsszó)</li></ul></li></ul><p><strong> <br />Nyilatkozat</strong><br />Az absztrakt beküldője vállalja, hogy absztraktja elfogadása esetén a kongresszusra regisztrál és poszterét bemutatja, illetve ha a bizottság előadásra kéri fel, elfogadja.</p>								</div>
				</div>
				<div class="elementor-element elementor-element-a8204ef elementor-widget elementor-widget-button" data-id="a8204ef" data-element_type="widget" data-widget_type="button.default">
				<div class="elementor-widget-container">
									<div class="elementor-button-wrapper">
					<a class="elementor-button elementor-button-link elementor-size-sm" href="https://eventplusservices.com/wp-tartalom/uploads/sites/3/2025/08/MOTE2025-Absztrakt-sablon.docx">
						<span class="elementor-button-content-wrapper">
									<span class="elementor-button-text">Absztrakt sablon letöltése</span>
					</span>
					</a>
				</div>
								</div>
				</div>
					</div>
				</div>
		<div class="elementor-element elementor-element-94e8443 e-flex e-con-boxed e-con e-parent" data-id="94e8443" data-element_type="container">
					<div class="e-con-inner">
				<div class="elementor-element elementor-element-f50f88f elementor-widget elementor-widget-text-editor" data-id="f50f88f" data-element_type="widget" data-widget_type="text-editor.default">
				<div class="elementor-widget-container">
									<p>Az absztrakt beküldés befejeződött, köszönjük a megküldött munkákat!</p>								</div>
				</div>
					</div>
				</div>
				</div>

<p>Az absztrakt beküldésével tudományos poszter bemutatására lehet jelentkezni. A poszterek bemutatása &#8211; 5 perces szóbeli prezentáció &#8211; külön szekció keretein belül történik. Az absztraktokat online kiadványban jelentetjük meg, mely a későbbiekben letölthető lesz a honlapunkról. A 2025-ös kongresszus mottója „Minden apró lépés számít”, fő témái a teljes értékű növényi étrend, mikrobiom, támogató társas kapcsolatok lesznek. [&hellip;]</p>
