{"id":2,"date":"2025-08-08T23:04:15","date_gmt":"2025-08-08T21:04:15","guid":{"rendered":"https:\/\/eventplusservices.com\/mote\/?page_id=2"},"modified":"2025-08-23T15:04:16","modified_gmt":"2025-08-23T13:04:16","slug":"foldal","status":"publish","type":"page","link":"https:\/\/eventplusservices.com\/mote\/","title":{"rendered":"K\u00f6sz\u00f6nt\u0151"},"content":{"rendered":"\t\t<div data-elementor-type=\"wp-page\" data-elementor-id=\"2\" class=\"elementor elementor-2\" data-elementor-post-type=\"page\">\n\t\t\t\t<div class=\"elementor-element elementor-element-2df3102a e-flex e-con-boxed e-con e-parent\" data-id=\"2df3102a\" data-element_type=\"container\">\n\t\t\t\t\t<div class=\"e-con-inner\">\n\t\t\t\t<div class=\"elementor-element elementor-element-39fbefdb elementor-widget elementor-widget-text-editor\" data-id=\"39fbefdb\" data-element_type=\"widget\" data-widget_type=\"text-editor.default\">\n\t\t\t\t<div class=\"elementor-widget-container\">\n\t\t\t\t\t\t\t\t\t<h3>Kedves Koll\u00e9gan\u0151k \u00e9s Koll\u00e9g\u00e1k!<\/h3><p>A Magyar Eg\u00e9szs\u00e9gmeg\u0151rz\u00e9si \u00e9s \u00c9letm\u00f3dorvostani Egyes\u00fclet \u201eMinden apr\u00f3 l\u00e9p\u00e9s sz\u00e1m\u00edt\u201d c\u00edmmel \u00e9letre h\u00edvott kongresszus\u00e1nak c\u00e9lja az \u00e9letm\u00f3dorvostan, mint bizony\u00edt\u00e9kokon alapul\u00f3, m\u00e9gis \u00fatt\u00f6r\u0151 tudom\u00e1nyter\u00fclet kih\u00edv\u00e1sainak sz\u00e9lesebb k\u00f6rben val\u00f3 megismertet\u00e9se, a leg\u00fajabb kutat\u00e1si eredm\u00e9nyek relevanci\u00e1j\u00e1nak megvitat\u00e1sa, valamint az, hogy az eg\u00e9szs\u00e9g\u00fcgyi szakemberek sz\u00e1m\u00e1ra hiteles f\u00f3rummal \u00e9s gyakorlati \u00fatmutat\u00f3val is szolg\u00e1ljon, el\u0151seg\u00edtve ezzel egy eg\u00e9szs\u00e9gtudatosabb t\u00e1rsadalom \u00e9p\u00edt\u00e9s\u00e9t. Rendezv\u00e9ny\u00fcnknek az id\u00e9n a herceghalmi Abacus Hotel ad otthont.\u00a0<\/p><p>Egyes\u00fclet\u00fcnk egyik f\u0151 c\u00e9lja, hogy az alapell\u00e1t\u00e1sban \u00e9s a klinikumban dolgoz\u00f3k sz\u00e1m\u00e1ra olyan sz\u00e9les spektrum\u00fa tov\u00e1bbk\u00e9pz\u00e9si programot teremts\u00fcnk, amely az eg\u00e9szs\u00e9g\u00fcgyi szakemberek \u00e9letm\u00f3dorvostani ismereteinek kib\u0151v\u00edt\u00e9s\u00e9t \u00e9s elm\u00e9ly\u00edt\u00e9s\u00e9t egyar\u00e1nt szolg\u00e1lja.<\/p><p>Ezen a kongresszusunkon is arra t\u00f6reksz\u00fcnk, hogy tartalmas, sz\u00ednes \u00e9s a mindennapi betegell\u00e1t\u00e1s sor\u00e1n hasznos\u00edthat\u00f3 tud\u00e1sanyagot mag\u00e1ban hordoz\u00f3 el\u0151ad\u00e1sokkal, kerekasztal besz\u00e9lget\u00e9sekkel, workshopokkal seg\u00edts\u00fck az orvosok \u00e9s a szakdolgoz\u00f3k munk\u00e1j\u00e1t, b\u0151v\u00edts\u00fck ismereteiket. B\u00edzom benne, hogy a r\u00e9sztvev\u0151 koll\u00e9g\u00e1k tal\u00e1lnak maguknak tetsz\u0151 \u00e9s hasznos\u00edthat\u00f3 tartalommal b\u00edr\u00f3 t\u00e9m\u00e1t az al\u00e1bb olvashat\u00f3 tudom\u00e1nyos program c\u00edmszavai k\u00f6z\u00fcl.<\/p><p>Minden \u00e9rdekl\u0151d\u0151t szeretettel v\u00e1runk!<\/p><p>Dr. Koncz Kl\u00e1ra<br \/>MOTE eln\u00f6k<\/p>\t\t\t\t\t\t\t\t<\/div>\n\t\t\t\t<\/div>\n\t\t\t\t<div class=\"elementor-element elementor-element-4d43fd2 elementor-widget elementor-widget-image\" data-id=\"4d43fd2\" data-element_type=\"widget\" data-widget_type=\"image.default\">\n\t\t\t\t<div class=\"elementor-widget-container\">\n\t\t\t\t\t\t\t\t\t\t\t\t\t\t\t<img fetchpriority=\"high\" decoding=\"async\" width=\"200\" height=\"300\" src=\"https:\/\/eventplusservices.com\/wp-tartalom\/uploads\/sites\/3\/2025\/08\/koncz-klara-200x300-1.jpg\" class=\"attachment-large size-large wp-image-96\" alt=\"\" \/>\t\t\t\t\t\t\t\t\t\t\t\t\t\t\t<\/div>\n\t\t\t\t<\/div>\n\t\t\t\t\t<\/div>\n\t\t\t\t<\/div>\n\t\t\t\t<\/div>\n\t\t","protected":false},"excerpt":{"rendered":"<p>Kedves Koll\u00e9gan\u0151k \u00e9s Koll\u00e9g\u00e1k! A Magyar Eg\u00e9szs\u00e9gmeg\u0151rz\u00e9si \u00e9s \u00c9letm\u00f3dorvostani Egyes\u00fclet \u201eMinden apr\u00f3 l\u00e9p\u00e9s sz\u00e1m\u00edt\u201d c\u00edmmel \u00e9letre h\u00edvott kongresszus\u00e1nak c\u00e9lja az \u00e9letm\u00f3dorvostan, mint bizony\u00edt\u00e9kokon alapul\u00f3, m\u00e9gis \u00fatt\u00f6r\u0151 tudom\u00e1nyter\u00fclet kih\u00edv\u00e1sainak sz\u00e9lesebb k\u00f6rben val\u00f3 megismertet\u00e9se, a leg\u00fajabb kutat\u00e1si eredm\u00e9nyek relevanci\u00e1j\u00e1nak megvitat\u00e1sa, valamint az, hogy az eg\u00e9szs\u00e9g\u00fcgyi szakemberek sz\u00e1m\u00e1ra hiteles f\u00f3rummal \u00e9s gyakorlati \u00fatmutat\u00f3val is szolg\u00e1ljon, el\u0151seg\u00edtve ezzel egy [&hellip;]<\/p>\n","protected":false},"author":5,"featured_media":0,"parent":0,"menu_order":0,"comment_status":"closed","ping_status":"closed","template":"","meta":{"footnotes":""},"class_list":["post-2","page","type-page","status-publish","hentry"],"_links":{"self":[{"href":"https:\/\/eventplusservices.com\/mote\/wp-json\/wp\/v2\/pages\/2","targetHints":{"allow":["GET"]}}],"collection":[{"href":"https:\/\/eventplusservices.com\/mote\/wp-json\/wp\/v2\/pages"}],"about":[{"href":"https:\/\/eventplusservices.com\/mote\/wp-json\/wp\/v2\/types\/page"}],"author":[{"embeddable":true,"href":"https:\/\/eventplusservices.com\/mote\/wp-json\/wp\/v2\/users\/5"}],"replies":[{"embeddable":true,"href":"https:\/\/eventplusservices.com\/mote\/wp-json\/wp\/v2\/comments?post=2"}],"version-history":[{"count":21,"href":"https:\/\/eventplusservices.com\/mote\/wp-json\/wp\/v2\/pages\/2\/revisions"}],"predecessor-version":[{"id":755,"href":"https:\/\/eventplusservices.com\/mote\/wp-json\/wp\/v2\/pages\/2\/revisions\/755"}],"wp:attachment":[{"href":"https:\/\/eventplusservices.com\/mote\/wp-json\/wp\/v2\/media?parent=2"}],"curies":[{"name":"wp","href":"https:\/\/api.w.org\/{rel}","templated":true}]}}

Köszöntő

<div data-elementor-type="wp-page" data-elementor-id="2" class="elementor elementor-2" data-elementor-post-type="page">
				<div class="elementor-element elementor-element-2df3102a e-flex e-con-boxed e-con e-parent" data-id="2df3102a" data-element_type="container">
					<div class="e-con-inner">
				<div class="elementor-element elementor-element-39fbefdb elementor-widget elementor-widget-text-editor" data-id="39fbefdb" data-element_type="widget" data-widget_type="text-editor.default">
				<div class="elementor-widget-container">
									<h3>Kedves Kolléganők és Kollégák!</h3><p>A Magyar Egészségmegőrzési és Életmódorvostani Egyesület „Minden apró lépés számít” címmel életre hívott kongresszusának célja az életmódorvostan, mint bizonyítékokon alapuló, mégis úttörő tudományterület kihívásainak szélesebb körben való megismertetése, a legújabb kutatási eredmények relevanciájának megvitatása, valamint az, hogy az egészségügyi szakemberek számára hiteles fórummal és gyakorlati útmutatóval is szolgáljon, elősegítve ezzel egy egészségtudatosabb társadalom építését. Rendezvényünknek az idén a herceghalmi Abacus Hotel ad otthont. </p><p>Egyesületünk egyik fő célja, hogy az alapellátásban és a klinikumban dolgozók számára olyan széles spektrumú továbbképzési programot teremtsünk, amely az egészségügyi szakemberek életmódorvostani ismereteinek kibővítését és elmélyítését egyaránt szolgálja.</p><p>Ezen a kongresszusunkon is arra törekszünk, hogy tartalmas, színes és a mindennapi betegellátás során hasznosítható tudásanyagot magában hordozó előadásokkal, kerekasztal beszélgetésekkel, workshopokkal segítsük az orvosok és a szakdolgozók munkáját, bővítsük ismereteiket. Bízom benne, hogy a résztvevő kollégák találnak maguknak tetsző és hasznosítható tartalommal bíró témát az alább olvasható tudományos program címszavai közül.</p><p>Minden érdeklődőt szeretettel várunk!</p><p>Dr. Koncz Klára<br />MOTE elnök</p>								</div>
				</div>
				<div class="elementor-element elementor-element-4d43fd2 elementor-widget elementor-widget-image" data-id="4d43fd2" data-element_type="widget" data-widget_type="image.default">
				<div class="elementor-widget-container">
															<img fetchpriority="high" decoding="async" width="200" height="300" src="https://eventplusservices.com/wp-tartalom/uploads/sites/3/2025/08/koncz-klara-200x300-1.jpg" class="attachment-large size-large wp-image-96" alt="" />															</div>
				</div>
					</div>
				</div>
				</div>

<p>Kedves Kolléganők és Kollégák! A Magyar Egészségmegőrzési és Életmódorvostani Egyesület „Minden apró lépés számít” címmel életre hívott kongresszusának célja az életmódorvostan, mint bizonyítékokon alapuló, mégis úttörő tudományterület kihívásainak szélesebb körben való megismertetése, a legújabb kutatási eredmények relevanciájának megvitatása, valamint az, hogy az egészségügyi szakemberek számára hiteles fórummal és gyakorlati útmutatóval is szolgáljon, elősegítve ezzel egy [&hellip;]</p>
