{"id":203,"date":"2025-08-18T21:47:19","date_gmt":"2025-08-18T19:47:19","guid":{"rendered":"https:\/\/eventplusservices.com\/mote\/?page_id=203"},"modified":"2025-08-26T14:45:00","modified_gmt":"2025-08-26T12:45:00","slug":"szervezok","status":"publish","type":"page","link":"https:\/\/eventplusservices.com\/mote\/szervezok\/","title":{"rendered":"Szervez\u0151k"},"content":{"rendered":"\t\t<div data-elementor-type=\"wp-page\" data-elementor-id=\"203\" class=\"elementor elementor-203\" data-elementor-post-type=\"page\">\n\t\t\t\t<div class=\"elementor-element elementor-element-aba7f5e e-flex e-con-boxed e-con e-parent\" data-id=\"aba7f5e\" data-element_type=\"container\">\n\t\t\t\t\t<div class=\"e-con-inner\">\n\t\t\t\t<div class=\"elementor-element elementor-element-6f0555b elementor-widget elementor-widget-text-editor\" data-id=\"6f0555b\" data-element_type=\"widget\" data-widget_type=\"text-editor.default\">\n\t\t\t\t<div class=\"elementor-widget-container\">\n\t\t\t\t\t\t\t\t\t<h3>A kongresszus Szervez\u0151bizotts\u00e1g\u00e1nak eln\u00f6ke<\/h3><p>Dr. Koncz Kl\u00e1ra<br \/>MOTE Eln\u00f6k<\/p><h3>A kongresszus Szervez\u0151bizotts\u00e1ga<\/h3><p>Dr. Stern Borb\u00e1la<br \/>Dr. Nery Klaudia Krisztina<br \/>Dr. Hargittay Csenge PhD<br \/>Dr. Juh\u00e1sz-Keglovits Kl\u00e1ra<br \/>Henger-Golopi Nikolett<br \/>Dr. Borb\u00e9ly Katalin \u00c9va<\/p><h3>A kongresszus Tudom\u00e1nyos bizotts\u00e1ga<\/h3><p>Dr. Demeter Tam\u00e1s PhD<br \/>Dr. Hargittay Csenge PhD<br \/>Dr. Szab\u00f3 Zolt\u00e1n PhD<\/p><h3>Tudom\u00e1nyos inform\u00e1ci\u00f3<\/h3><p>Dr. Stern Borb\u00e1la<br \/>Eln\u00f6ks\u00e9gi tag<\/p><p>MAGYAR EG\u00c9SZS\u00c9GMEG\u0150RZ\u00c9SI \u00c9S \u00c9LETM\u00d3DORVOSTANI EGYES\u00dcLET<br \/>Telefon: +36 30 4258262<br \/><a href=\"mailto:kongresszus@eletmodorvostan.hu\">kongresszus@eletmodorvostan.hu<\/a><\/p><h3>Kongresszus szervez\u00e9s inform\u00e1ci\u00f3<\/h3><p>Tak\u00e1cs Anik\u00f3<br \/>C\u00e9gvezet\u0151<br \/>Telefon: +36 70 4142822<br \/>EVENT PLUS SERVICES KFT.<br \/>E-mail: <a href=\"mailto:registration.eps@meetings.hu\">registration.eps@meetings.hu<\/a><br \/>Web: <a href=\"https:\/\/eventplusservices.com\">www.eventplusservices.com<\/a><\/p>\t\t\t\t\t\t\t\t<\/div>\n\t\t\t\t<\/div>\n\t\t\t\t\t<\/div>\n\t\t\t\t<\/div>\n\t\t\t\t<\/div>\n\t\t","protected":false},"excerpt":{"rendered":"<p>A kongresszus Szervez\u0151bizotts\u00e1g\u00e1nak eln\u00f6ke Dr. Koncz Kl\u00e1raMOTE Eln\u00f6k A kongresszus Szervez\u0151bizotts\u00e1ga Dr. Stern Borb\u00e1laDr. Nery Klaudia KrisztinaDr. Hargittay Csenge PhDDr. Juh\u00e1sz-Keglovits Kl\u00e1raHenger-Golopi NikolettDr. Borb\u00e9ly Katalin \u00c9va A kongresszus Tudom\u00e1nyos bizotts\u00e1ga Dr. Demeter Tam\u00e1s PhDDr. Hargittay Csenge PhDDr. Szab\u00f3 Zolt\u00e1n PhD Tudom\u00e1nyos inform\u00e1ci\u00f3 Dr. Stern Borb\u00e1laEln\u00f6ks\u00e9gi tag MAGYAR EG\u00c9SZS\u00c9GMEG\u0150RZ\u00c9SI \u00c9S \u00c9LETM\u00d3DORVOSTANI EGYES\u00dcLETTelefon: +36 30 4258262kongresszus@eletmodorvostan.hu Kongresszus [&hellip;]<\/p>\n","protected":false},"author":4,"featured_media":0,"parent":0,"menu_order":0,"comment_status":"closed","ping_status":"closed","template":"","meta":{"footnotes":""},"class_list":["post-203","page","type-page","status-publish","hentry"],"_links":{"self":[{"href":"https:\/\/eventplusservices.com\/mote\/wp-json\/wp\/v2\/pages\/203","targetHints":{"allow":["GET"]}}],"collection":[{"href":"https:\/\/eventplusservices.com\/mote\/wp-json\/wp\/v2\/pages"}],"about":[{"href":"https:\/\/eventplusservices.com\/mote\/wp-json\/wp\/v2\/types\/page"}],"author":[{"embeddable":true,"href":"https:\/\/eventplusservices.com\/mote\/wp-json\/wp\/v2\/users\/4"}],"replies":[{"embeddable":true,"href":"https:\/\/eventplusservices.com\/mote\/wp-json\/wp\/v2\/comments?post=203"}],"version-history":[{"count":10,"href":"https:\/\/eventplusservices.com\/mote\/wp-json\/wp\/v2\/pages\/203\/revisions"}],"predecessor-version":[{"id":832,"href":"https:\/\/eventplusservices.com\/mote\/wp-json\/wp\/v2\/pages\/203\/revisions\/832"}],"wp:attachment":[{"href":"https:\/\/eventplusservices.com\/mote\/wp-json\/wp\/v2\/media?parent=203"}],"curies":[{"name":"wp","href":"https:\/\/api.w.org\/{rel}","templated":true}]}}