{"id":436,"date":"2025-08-20T23:35:01","date_gmt":"2025-08-20T21:35:01","guid":{"rendered":"https:\/\/eventplusservices.com\/mote\/?page_id=436"},"modified":"2025-10-22T10:52:48","modified_gmt":"2025-10-22T08:52:48","slug":"egyuttmukodo-partnerek","status":"publish","type":"page","link":"https:\/\/eventplusservices.com\/mote\/egyuttmukodo-partnerek\/","title":{"rendered":"Egy\u00fcttm\u0171k\u00f6d\u0151 partnerek"},"content":{"rendered":"\t\t<div data-elementor-type=\"wp-page\" data-elementor-id=\"436\" class=\"elementor elementor-436\" data-elementor-post-type=\"page\">\n\t\t\t\t<div class=\"elementor-element elementor-element-f4c3e5c e-flex e-con-boxed e-con e-parent\" data-id=\"f4c3e5c\" data-element_type=\"container\">\n\t\t\t\t\t<div class=\"e-con-inner\">\n\t\t<div class=\"elementor-element elementor-element-ddad58c e-con-full e-flex e-con e-child\" data-id=\"ddad58c\" data-element_type=\"container\">\n\t\t\t\t<div class=\"elementor-element elementor-element-1db7933 elementor-widget elementor-widget-image\" data-id=\"1db7933\" data-element_type=\"widget\" data-widget_type=\"image.default\">\n\t\t\t\t<div class=\"elementor-widget-container\">\n\t\t\t\t\t\t\t\t\t\t\t\t\t\t\t<img decoding=\"async\" width=\"180\" height=\"160\" src=\"https:\/\/eventplusservices.com\/wp-tartalom\/uploads\/sites\/3\/2025\/08\/MedSoulYou.jpg\" class=\"attachment-full size-full wp-image-645\" alt=\"\" \/>\t\t\t\t\t\t\t\t\t\t\t\t\t\t\t<\/div>\n\t\t\t\t<\/div>\n\t\t\t\t<\/div>\n\t\t<div class=\"elementor-element elementor-element-33dff23 e-con-full e-flex e-con e-child\" data-id=\"33dff23\" data-element_type=\"container\">\n\t\t\t\t<div class=\"elementor-element elementor-element-fd6f9a8 elementor-widget elementor-widget-image\" data-id=\"fd6f9a8\" data-element_type=\"widget\" data-widget_type=\"image.default\">\n\t\t\t\t<div class=\"elementor-widget-container\">\n\t\t\t\t\t\t\t\t\t\t\t\t\t\t\t<img decoding=\"async\" width=\"260\" height=\"76\" src=\"https:\/\/eventplusservices.com\/wp-tartalom\/uploads\/sites\/3\/2025\/08\/veganblog-2.png\" class=\"attachment-full size-full wp-image-648\" alt=\"\" \/>\t\t\t\t\t\t\t\t\t\t\t\t\t\t\t<\/div>\n\t\t\t\t<\/div>\n\t\t\t\t<\/div>\n\t\t<div class=\"elementor-element elementor-element-24f3206 e-con-full e-flex e-con e-child\" data-id=\"24f3206\" data-element_type=\"container\">\n\t\t\t\t<div class=\"elementor-element elementor-element-1ab1f96 elementor-widget elementor-widget-image\" data-id=\"1ab1f96\" data-element_type=\"widget\" data-widget_type=\"image.default\">\n\t\t\t\t<div class=\"elementor-widget-container\">\n\t\t\t\t\t\t\t\t\t\t\t\t\t\t\t<img decoding=\"async\" width=\"199\" height=\"72\" src=\"https:\/\/eventplusservices.com\/wp-tartalom\/uploads\/sites\/3\/2025\/08\/kekzona.png\" class=\"attachment-large size-large wp-image-649\" alt=\"\" \/>\t\t\t\t\t\t\t\t\t\t\t\t\t\t\t<\/div>\n\t\t\t\t<\/div>\n\t\t\t\t<\/div>\n\t\t\t\t\t<\/div>\n\t\t\t\t<\/div>\n\t\t<div class=\"elementor-element elementor-element-38e3346 e-flex e-con-boxed e-con e-parent\" data-id=\"38e3346\" data-element_type=\"container\">\n\t\t\t\t\t<div class=\"e-con-inner\">\n\t\t<div class=\"elementor-element elementor-element-cd7d7a5 e-con-full e-flex e-con e-child\" data-id=\"cd7d7a5\" data-element_type=\"container\">\n\t\t\t\t<div class=\"elementor-element elementor-element-913c3ee elementor-widget elementor-widget-image\" data-id=\"913c3ee\" data-element_type=\"widget\" data-widget_type=\"image.default\">\n\t\t\t\t<div class=\"elementor-widget-container\">\n\t\t\t\t\t\t\t\t\t\t\t\t\t\t\t<img loading=\"lazy\" decoding=\"async\" width=\"174\" height=\"128\" src=\"https:\/\/eventplusservices.com\/wp-tartalom\/uploads\/sites\/3\/2025\/08\/maveg.png\" class=\"attachment-full size-full wp-image-658\" alt=\"\" \/>\t\t\t\t\t\t\t\t\t\t\t\t\t\t\t<\/div>\n\t\t\t\t<\/div>\n\t\t\t\t<\/div>\n\t\t<div class=\"elementor-element elementor-element-7b4d625 e-con-full e-flex e-con e-child\" data-id=\"7b4d625\" data-element_type=\"container\">\n\t\t\t\t<div class=\"elementor-element elementor-element-5546976 elementor-widget elementor-widget-image\" data-id=\"5546976\" data-element_type=\"widget\" data-widget_type=\"image.default\">\n\t\t\t\t<div class=\"elementor-widget-container\">\n\t\t\t\t\t\t\t\t\t\t\t\t\t\t\t<img loading=\"lazy\" decoding=\"async\" width=\"240\" height=\"49\" src=\"https:\/\/eventplusservices.com\/wp-tartalom\/uploads\/sites\/3\/2025\/09\/helloklimax-2.png\" class=\"attachment-full size-full wp-image-852\" alt=\"\" \/>\t\t\t\t\t\t\t\t\t\t\t\t\t\t\t<\/div>\n\t\t\t\t<\/div>\n\t\t\t\t<\/div>\n\t\t<div class=\"elementor-element elementor-element-967d18f e-con-full e-flex e-con e-child\" data-id=\"967d18f\" data-element_type=\"container\">\n\t\t\t\t<div class=\"elementor-element elementor-element-9494f52 elementor-widget elementor-widget-image\" data-id=\"9494f52\" data-element_type=\"widget\" data-widget_type=\"image.default\">\n\t\t\t\t<div class=\"elementor-widget-container\">\n\t\t\t\t\t\t\t\t\t\t\t\t\t\t\t<img loading=\"lazy\" decoding=\"async\" width=\"140\" height=\"146\" src=\"https:\/\/eventplusservices.com\/wp-tartalom\/uploads\/sites\/3\/2025\/08\/wellbeing-2.png\" class=\"attachment-full size-full wp-image-666\" alt=\"\" \/>\t\t\t\t\t\t\t\t\t\t\t\t\t\t\t<\/div>\n\t\t\t\t<\/div>\n\t\t\t\t<\/div>\n\t\t\t\t\t<\/div>\n\t\t\t\t<\/div>\n\t\t<div class=\"elementor-element elementor-element-aca1dd6 e-flex e-con-boxed e-con e-parent\" data-id=\"aca1dd6\" data-element_type=\"container\">\n\t\t\t\t\t<div class=\"e-con-inner\">\n\t\t<div class=\"elementor-element elementor-element-24a633e e-con-full e-flex e-con e-child\" data-id=\"24a633e\" data-element_type=\"container\">\n\t\t\t\t<div class=\"elementor-element elementor-element-e1de94d elementor-widget elementor-widget-image\" data-id=\"e1de94d\" data-element_type=\"widget\" data-widget_type=\"image.default\">\n\t\t\t\t<div class=\"elementor-widget-container\">\n\t\t\t\t\t\t\t\t\t\t\t\t\t\t\t<img loading=\"lazy\" decoding=\"async\" width=\"200\" height=\"64\" src=\"https:\/\/eventplusservices.com\/wp-tartalom\/uploads\/sites\/3\/2025\/08\/fitt.png\" class=\"attachment-full size-full wp-image-673\" alt=\"\" \/>\t\t\t\t\t\t\t\t\t\t\t\t\t\t\t<\/div>\n\t\t\t\t<\/div>\n\t\t\t\t<\/div>\n\t\t<div class=\"elementor-element elementor-element-0d4fc79 e-con-full e-flex e-con e-child\" data-id=\"0d4fc79\" data-element_type=\"container\">\n\t\t\t\t<div class=\"elementor-element elementor-element-9f6a498 elementor-widget elementor-widget-image\" data-id=\"9f6a498\" data-element_type=\"widget\" data-widget_type=\"image.default\">\n\t\t\t\t<div class=\"elementor-widget-container\">\n\t\t\t\t\t\t\t\t\t\t\t\t\t\t\t<img loading=\"lazy\" decoding=\"async\" width=\"160\" height=\"161\" src=\"https:\/\/eventplusservices.com\/wp-tartalom\/uploads\/sites\/3\/2025\/08\/paf-2.png\" class=\"attachment-full size-full wp-image-654\" alt=\"\" srcset=\"https:\/\/eventplusservices.com\/wp-tartalom\/uploads\/sites\/3\/2025\/08\/paf-2.png 160w, https:\/\/eventplusservices.com\/wp-tartalom\/uploads\/sites\/3\/2025\/08\/paf-2-150x150.png 150w\" sizes=\"(max-width: 160px) 100vw, 160px\" \/>\t\t\t\t\t\t\t\t\t\t\t\t\t\t\t<\/div>\n\t\t\t\t<\/div>\n\t\t\t\t<\/div>\n\t\t<div class=\"elementor-element elementor-element-96abfb6 e-con-full e-flex e-con e-child\" data-id=\"96abfb6\" data-element_type=\"container\">\n\t\t\t\t<div class=\"elementor-element elementor-element-2fc2e38 elementor-widget elementor-widget-image\" data-id=\"2fc2e38\" data-element_type=\"widget\" data-widget_type=\"image.default\">\n\t\t\t\t<div class=\"elementor-widget-container\">\n\t\t\t\t\t\t\t\t\t\t\t\t\t\t\t<img loading=\"lazy\" decoding=\"async\" width=\"231\" height=\"60\" src=\"https:\/\/eventplusservices.com\/wp-tartalom\/uploads\/sites\/3\/2025\/08\/negyosz.png\" class=\"attachment-full size-full wp-image-675\" alt=\"\" \/>\t\t\t\t\t\t\t\t\t\t\t\t\t\t\t<\/div>\n\t\t\t\t<\/div>\n\t\t\t\t<\/div>\n\t\t\t\t\t<\/div>\n\t\t\t\t<\/div>\n\t\t<div class=\"elementor-element elementor-element-b3468d1 e-flex e-con-boxed e-con e-parent\" data-id=\"b3468d1\" data-element_type=\"container\">\n\t\t\t\t\t<div class=\"e-con-inner\">\n\t\t<div class=\"elementor-element elementor-element-00cb55a e-con-full e-flex e-con e-child\" data-id=\"00cb55a\" data-element_type=\"container\">\n\t\t\t\t<div class=\"elementor-element elementor-element-255d512 elementor-widget elementor-widget-image\" data-id=\"255d512\" data-element_type=\"widget\" data-widget_type=\"image.default\">\n\t\t\t\t<div class=\"elementor-widget-container\">\n\t\t\t\t\t\t\t\t\t\t\t\t\t\t\t<img loading=\"lazy\" decoding=\"async\" width=\"260\" height=\"48\" src=\"https:\/\/eventplusservices.com\/wp-tartalom\/uploads\/sites\/3\/2025\/09\/lifestyle-2.png\" class=\"attachment-full size-full wp-image-850\" alt=\"\" \/>\t\t\t\t\t\t\t\t\t\t\t\t\t\t\t<\/div>\n\t\t\t\t<\/div>\n\t\t\t\t<\/div>\n\t\t<div class=\"elementor-element elementor-element-f8b6b3b e-con-full e-flex e-con e-child\" data-id=\"f8b6b3b\" data-element_type=\"container\">\n\t\t\t\t<div class=\"elementor-element elementor-element-9f18f88 elementor-widget elementor-widget-image\" data-id=\"9f18f88\" data-element_type=\"widget\" data-widget_type=\"image.default\">\n\t\t\t\t<div class=\"elementor-widget-container\">\n\t\t\t\t\t\t\t\t\t\t\t\t\t\t\t<img loading=\"lazy\" decoding=\"async\" width=\"180\" height=\"111\" src=\"https:\/\/eventplusservices.com\/wp-tartalom\/uploads\/sites\/3\/2025\/09\/ib-lifestyle.png\" class=\"attachment-full size-full wp-image-844\" alt=\"\" \/>\t\t\t\t\t\t\t\t\t\t\t\t\t\t\t<\/div>\n\t\t\t\t<\/div>\n\t\t\t\t<\/div>\n\t\t<div class=\"elementor-element elementor-element-f033852 e-con-full e-flex e-con e-child\" data-id=\"f033852\" data-element_type=\"container\">\n\t\t\t\t<div class=\"elementor-element elementor-element-ce39334 elementor-widget elementor-widget-image\" data-id=\"ce39334\" data-element_type=\"widget\" data-widget_type=\"image.default\">\n\t\t\t\t<div class=\"elementor-widget-container\">\n\t\t\t\t\t\t\t\t\t\t\t\t\t\t\t<img loading=\"lazy\" decoding=\"async\" width=\"220\" height=\"58\" src=\"https:\/\/eventplusservices.com\/wp-tartalom\/uploads\/sites\/3\/2025\/09\/seta-az-orvossal-2.png\" class=\"attachment-full size-full wp-image-851\" alt=\"\" \/>\t\t\t\t\t\t\t\t\t\t\t\t\t\t\t<\/div>\n\t\t\t\t<\/div>\n\t\t\t\t<\/div>\n\t\t\t\t\t<\/div>\n\t\t\t\t<\/div>\n\t\t<div class=\"elementor-element elementor-element-4db27a1 e-flex e-con-boxed e-con e-parent\" data-id=\"4db27a1\" data-element_type=\"container\">\n\t\t\t\t\t<div class=\"e-con-inner\">\n\t\t<div class=\"elementor-element elementor-element-c9ca981 e-con-full e-flex e-con e-child\" data-id=\"c9ca981\" data-element_type=\"container\">\n\t\t\t\t<\/div>\n\t\t<div class=\"elementor-element elementor-element-c592a8c e-con-full e-flex e-con e-child\" data-id=\"c592a8c\" data-element_type=\"container\">\n\t\t\t\t<div class=\"elementor-element elementor-element-5359a1f elementor-widget elementor-widget-image\" data-id=\"5359a1f\" data-element_type=\"widget\" data-widget_type=\"image.default\">\n\t\t\t\t<div class=\"elementor-widget-container\">\n\t\t\t\t\t\t\t\t\t\t\t\t\t\t\t<img loading=\"lazy\" decoding=\"async\" width=\"160\" height=\"127\" src=\"https:\/\/eventplusservices.com\/wp-tartalom\/uploads\/sites\/3\/2025\/09\/legzestechika.png\" class=\"attachment-full size-full wp-image-845\" alt=\"\" \/>\t\t\t\t\t\t\t\t\t\t\t\t\t\t\t<\/div>\n\t\t\t\t<\/div>\n\t\t\t\t<\/div>\n\t\t<div class=\"elementor-element elementor-element-d2b5d88 e-con-full e-flex e-con e-child\" data-id=\"d2b5d88\" data-element_type=\"container\">\n\t\t\t\t<\/div>\n\t\t\t\t\t<\/div>\n\t\t\t\t<\/div>\n\t\t\t\t<\/div>\n\t\t","protected":false},"excerpt":{"rendered":"","protected":false},"author":4,"featured_media":0,"parent":0,"menu_order":0,"comment_status":"closed","ping_status":"closed","template":"","meta":{"footnotes":""},"class_list":["post-436","page","type-page","status-publish","hentry"],"_links":{"self":[{"href":"https:\/\/eventplusservices.com\/mote\/wp-json\/wp\/v2\/pages\/436","targetHints":{"allow":["GET"]}}],"collection":[{"href":"https:\/\/eventplusservices.com\/mote\/wp-json\/wp\/v2\/pages"}],"about":[{"href":"https:\/\/eventplusservices.com\/mote\/wp-json\/wp\/v2\/types\/page"}],"author":[{"embeddable":true,"href":"https:\/\/eventplusservices.com\/mote\/wp-json\/wp\/v2\/users\/4"}],"replies":[{"embeddable":true,"href":"https:\/\/eventplusservices.com\/mote\/wp-json\/wp\/v2\/comments?post=436"}],"version-history":[{"count":46,"href":"https:\/\/eventplusservices.com\/mote\/wp-json\/wp\/v2\/pages\/436\/revisions"}],"predecessor-version":[{"id":935,"href":"https:\/\/eventplusservices.com\/mote\/wp-json\/wp\/v2\/pages\/436\/revisions\/935"}],"wp:attachment":[{"href":"https:\/\/eventplusservices.com\/mote\/wp-json\/wp\/v2\/media?parent=436"}],"curies":[{"name":"wp","href":"https:\/\/api.w.org\/{rel}","templated":true}]}}